0
What is -2 (base 6) in base 13?
-2
-15 (base 10) to base 5
-30
Convert -3 (base 10) to base 9.
-3
Convert -2 (base 3) to base 16.
-2
24 (base 12) to base 14
20
0 (base 3) to base 2
0
26 (base 10) to base 4
122
Convert 28 (base 9) to base 5.
101
-44 (base 12) to base 11
-48
What is -100110101 (base 2) in base 7?
-621
What is 2 (base 11) in base 8?
2
What is -9 (base 10) in base 3?
-100
What is -11 (base 2) in base 5?
-3
What is 27 (base 12) in base 10?
31
What is -26 (base 10) in base 14?
-1c
Convert -3 (base 15) to base 9.
-3
Convert -431 (base 6) to base 4.
-2203
1 (base 9) to base 15
1
-22 (base 8) to base 7
-24
Convert 0 (base 9) to base 3.
0
120 (base 3) to base 12
13
7 (base 11) to base 7
10
What is -65 (base 15) in base 5?
-340
-13 (base 9) to base 13
-c
38 (base 9) to base 11
32
Convert 33 (base 5) to base 7.
24
What is 0 (base 3) in base 10?
0
What is -1010 (base 2) in base 15?
-a
0 (base 16) to base 12
0
What is -233 (base 4) in base 3?
-1202
-3 (base 15) to base 13
-3
What is -112221 (base 3) in base 11?
-337
Convert -30 (base 14) to base 5.
-132
What is -410 (base 7) in base 11?
-175
-212 (base 5) to base 8
-71
Convert 4 (base 12) to base 3.
11
What is -5 (base 10) in base 16?
-5
Convert 2010 (base 3) to base 12.
49
-2 (base 12) to base 9
-2
Convert -66 (base 16) to base 2.
-1100110
What is -2 (base 10) in base 9?
-2
Convert -1010 (base 2) to base 10.
-10
What is 64 (base 9) in base 6?
134
Convert -4 (base 9) to base 15.
-4
What is 1 (base 12) in base 11?
1
Convert -1 (base 8) to base 7.
-1
What is -14 (base 9) in base 13?
-10
-11 (base 12) to base 3
-111
-113 (base 4) to base 11
-21
10 (base 16) to base 5
31
Convert 9 (base 16) to base 6.
13
Convert -26 (base 8) to base 11.
-20
-1a (base 16) to base 10
-26
What is -44 (base 14) in base 6?
-140
-11 (base 14) to base 3
-120
4 (base 10) to base 5
4
What is -205 (base 7) in base 15?
-6d
6 (base 12) to base 16
6
Convert -19 (base 10) to base 11.
-18
What is -1224 (base 5) in base 11?
-162
323 (base 7) to base 15
ae
What is 4 (base 15) in base 10?
4
2 (base 4) to base 11
2
What is -12 (base 6) in base 14?
-8
What is 7 (base 10) in base 9?
7
-36 (base 8) to base 3
-1010
Convert -18 (base 11) to base 13.
-16
What is 5 (base 15) in base 16?
5
20 (base 12) to base 6
40
Convert -42 (base 6) to base 13.
-20
What is 0 (base 16) in base 6?
0
45 (base 16) to base 15
49
What is -5a (base 12) in base 13?
-55
What is 3 (base 12) in base 15?
3
Convert 12 (base 6) to base 12.
8
What is 10 (base 4) in base 16?
4
Convert -4 (base 5) to base 13.
-4
7 (base 12) to base 16
7
What is 10011 (base 2) in base 13?
16
-19 (base 13) to base 16
-16
Convert -67 (base 11) to base 5.
-243
79 (base 15) to base 14
82
-b1 (base 14) to base 8
-233
What is 23 (base 7) in base 16?
11
What is -4c (base 16) in base 4?
-1030
211 (base 5) to base 9
62
Convert 245 (base 6) to base 16.
65
-4 (base 11) to base 4
-10
20 (base 11) to base 14
18
-1 (base 3) to base 8
-1
What is -41 (base 11) in base 2?
-101101
Convert 18 (base 12) to base 15.
15
Convert 1233 (base 4) to base 11.
a1
Convert 66 (base 11) to base 7.
132
What is 1020 (base 4) in base 7?
132
Convert -20 (base 3) to base 14.
-6
Convert -11 (base 5) to base 12.
-6
0 (base 6) to base 8
0
What is 1 (base 11) in base 7?
1
What is 10111 (base 2) in base 14?
19
Convert c9 (base 13) to base 11.
140
-7a (base 14) to base 15
-73
-10112 (base 3) to base 4
-1133
What is 2 (base 12) in base 11?
2
What is 10 (base 3) in base 2?
11
Convert -225 (base 12) to base 13.
-1b5
54 (base 7) to base 14
2b
Convert -18 (base 11) to base 6.
-31
Convert -111 (base 2) to base 8.
-7
Convert -41 (base 8) to base 13.
-27
1 (base 5) to base 9
1
Convert 1020 (base 4) to base 14.
52
-43 (base 15) to base 6
-143
Convert 1 (base 10) to base 13.
1
What is 3 (base 16) in base 15?
3
2 (base 4) to base 9
2
Convert -34 (base 13) to base 6.
-111
Convert 3 (base 14) to base 13.
3
What is -11 (base 3) in base 2?
-100
What is 2 (base 8) in base 9?
2
Convert -44 (base 5) to base 3.
-220
What is -4 (base 7) in base 14?
-4
What is -10022 (base 4) in base 16?
-10a
What is -1211 (base 3) in base 16?
-31
Convert 10 (base 7) to base 15.
7
12100 (base 3) to base 5
1034
-1 (base 5) to base 7
-1
21 (base 5) to base 14
b
What is -20 (base 5) in base 15?
-a
What is -1101 (base 4) in base 15?
-56
Convert -8 (base 10) to base 4.
-20
4 (base 13) to base 4
10
Convert 20 (base 4) to base 13.
8
Convert 22 (base 15) to base 7.
44
What is 11 (base 11) in base 12?
10
4 (base 10) to base 15
4
5 (base 13) to base 12
5
What is -3 (base 11) in base 3?
-10
10 (base 4) to base 15
4
What is -3 (base 8) in base 3?
-10
Convert -89 (base 13) to base 14.
-81
Convert -244 (base 10) to base 7.
-466
210 (base 6) to base 11
71
-2 (base 4) to base 5
-2
What is 62 (base 14) in base 13?
68
What is -105 (base 15) in base 6?
-1022
24 (base 12) to base 13
22
What is -a1 (base 13) in base 8?
-203
What is 2 (base 15) in base 7?
2
What is -2 (base 7) in base 4?
-2
What is a8 (base 12) in base 13?
9b
What is 1 (base 11) in base 7?
1
Convert -8 (base 10) to base 5.
-13
Convert 306 (base 7) to base 3.
12200
What is -3 (base 11) in base 7?
-3
11012 (base 3) to base 4
1301
What is 1 (base 3) in base 7?
1
Convert 23 (base 5) to base 12.
11
Convert -100 (base 2) to base 5.
-4
What is -2a (base 14) in base 11?
-35
6 (base 16) to base 2
110
What is 10 (base 3) in base 14?
3
Convert -6 (base 16) to base 10.
-6
-6 (base 8) to base 12
-6
Convert -1f (base 16) to base 13.
-25
What is 66 (base 14) in base 5?
330
What is dc (base 16) in base 6?
1004
Convert -5 (base 12) to base 10.
-5
2 (base 6) to base 9
2
What is 13 (base 6) in base 2?
1001
1 (base 12) to base 3
1
4 (base 7) to base 4
10
9 (base 14) to base 2
1001
Convert 47 (base 11) to base 12.
43
What is -101 (base 2) in base 11?
-5
1103 (base 4) to base 12
6b
Convert 8 (base 13) to base 16.
8
10 (base 6) to base 7
6
Convert -22 (base 8) to base 7.
-24
What is 1 (base 14) in base 4?
1
-8 (base 12) to base 5
-13
What is 14 (base 14) in base 7?
24
What is -21 (base 14) in base 13?
-23
What is 11011 (base 2) in base 13?
21
Convert -4 (base 16) to base 14.
-4
3 (base 15) to base 12
3
What is -6 (base 12) in base 11?
-6
Convert -347 (base 9) to base 14.
-166
Convert 0 (base 6) to base 14.
0
5 (base 16) to base 7
5
Convert -40 (base 9) to base 14.
-28
What is 12 (base 10) in base 16?
c
Convert -2 (base 8) to base 10.
-2
Convert -3 (base 10) to base 5.
-3
-d (base 16) to base 13
-10
What is -152 (base 7) in base 12?
-72
3 (base 13) to base 11
3
-1202 (base 6) to base 7
-563
11200 (base 3) to base 7
240
Convert 3 (base 7) to base 12.
3
-22 (base 5) to base 12
-10
What is -2e (base 16) in base 12?
-3a
Convert -1b (base 12) to base 9.
-25
What is -375 (base 9) in base 4?
-10313
Convert 1 (base 12) to base 11.
1
Convert -142 (base 8) to base 14.
-70
Convert 40 (base 14) to base 13.
44
What is -44 (base 7) in base 14?
-24
What is 6 (base 13) in base 8?
6
What is 133 (base 8) in base 14?
67
-1201 (base 4) to base 9
-117
-1 (base 16) to base 15
-1
355 (base 8) to base 14
12d
Convert -6a (base 14) to base 2.
-1011110
-12 (base 12) to base 14
-10
What is 10 (base 2) in base 16?
2
What is -43 (base 8) in base 5?
-120
-4 (base 14) to base 16
-4
What is -73 (base 11) in base 2?
-1010000
Convert 2 (base 13) to base 3.
2
Convert 1cb (base 13) to base 11.
286
Convert 63 (base 9) to base 13.
45
What is -16 (base 7) in base 12?
-11
-71 (base 8) to base 13
-45
Convert 1b (base 16) to base 14.
1d
8 (base 16) to base 10
8
1 (base 15) to base 4
1
Convert -11 (base 3) to base 14.
-4
Convert 3 (base 15) to base 5.
3
Convert -1c (base 16) to base 14.
-20
Convert -215 (base 8) to base 3.
-12020
-18 (base 13) to base 6
-33
Convert 1 (base 11) to base 12.
1
111 (base 5) to base 2
11111
6 (base 8) to base 7
6
3 (base 13) to base 3
10
Convert -8 (base 12) to base 2.
-1000
20 (base 3) to base 5
11
Convert 2 (base 10) to base 2.
10
What is 52 (base 8) in base 3?
1120
Convert -14 (base 6) to base 11.
-a
Convert -1202 (base 3) to base 2.
-101111
11100011 (base 2) to base 12
16b
-110 (base 13) to base 12
-132
What is -14 (base 6) in base 2?
-1010
What is -3 (base 12) in base 9?
-3
Convert 13b (base 16) to base 11.
267
-2 (base 9) to base 2
-10
Convert -